 n(-1). Let l = 11 + q. Let y(i) = l*s(i) + 4*f(i). Give y(-4).
0
Let j(h) = -h**2 + h. Let i(c) = c + 7. Let g be ((-12)/(-9))/((-1)/(-15)). Suppose o - g + 6 = y, 0 = 3*y - 5*o + 52. Let a be i(y). Give j(a).
-6
Suppose 5*a + 2 + 3 = 0. Let b(r) be the third derivative of -r**4/4 + 7*r**2. Determine b(a).
6
Let y(p) be the third derivative of p**6/120 - p**5/20 - p**3/2 + 4*p**2. Let m be y(3). Let o(u) = -3*u**2 - 5*u - 3. Determine o(m).
-15
Let m(d) be the second derivative of -d**6/360 + d**5/60 - d**4/24 + d**3/6 - 3*d. Let p(o) be the second derivative of m(o). What is p(1)?
0
Suppose -19*c = -0*c. Let a(o) be the third derivative of 1/60*o**5 + 0*o + 4/3*o**3 + c - 3*o**2 + 1/24*o**4 - 1/120*o**6. What is a(0)?
8
Let h(m) = -14*m**2 - 8*m. Let g(p) = -9*p**2 - 5*p. Let n(u) = -8*g(u) + 5*h(u). Calculate n(-1).
2
Let i(m) = m**3 - 4*m**2 - 3*m + 7. Let a be i(4). Let k(q) = -q**2 - 3*q + 4. Give k(a).
-6
Let l(u) = -u**2 - 9*u - 1. Let z(o) = o - 1. Let b(y) = -l(y) - 2*z(y). Give b(-5).
-7
Let u = 1 - 6. Let t(q) = -q**3 - 8*q**2 - 8*q - 5. Let y be t(-7). Let v(w) = 2*w**y + 4 + 2*w**2 - 5*w**2 - 4*w. Determine v(u).
-1
Let n(r) be the second derivative of r**4/6 - r**3/6 + r**2 - 3*r. Suppose 0*l = -5*l + 10. Calculate n(l).
8
Let f be 4/10 + (-26)/65. Let z(l) be the third derivative of -1/24*l**4 + 2*l**2 + f*l + 1/60*l**5 - 1/3*l**3 + 0. What is z(-2)?
4
Let h be (0 + -4 + -1)*1. Let w(c) = -c**3 - 4*c**2 + 6*c + 6. Give w(h).
1
Let c(r) be the first derivative of r**5/20 - r**4/6 - 2*r**3/3 + r**2 - 5*r - 4. Let p(u) be the first derivative of c(u). What is p(3)?
-1
Let v(w) = -12*w**2 + 5*w + 1. Let j(r) = 5*r**2 - 3*r - 1. Let l(g) = 7*j(g) + 3*v(g). Let t = -7 + 4. Calculate l(t).
5
Suppose 2*j - 3 = 1. Let v be (3 - 1) + 2 - (2 - 0). Suppose v*k = -j*k. Let l(m) = m**3 + m**2 - m + 2. Give l(k).
2
Let j(f) = 3*f + 1. Let v(x) = 1. Let a(y) = -j(y) + 5*v(y). Suppose -28*t = -23*t - 15. What is a(t)?
-5
Let n be 2*-1 - (1 - 3). Let s(t) = 2*t**3 - t + 7*t**2 - t - 4 + 5 + n*t. Let u(p) = -3*p**3 - 6*p**2 + 2*p - 1. Let w(j) = 5*s(j) + 6*u(j). Determine w(1).
-8
Let c(t) be the third derivative of -t**6/120 + t**5/60 + t**3/6 - t**2. Let g = 1 + 2. Suppose -2*r - 5*p = -9, -4*r = r + g*p - 13. Give c(r).
-3
Let c(k) be the second derivative of -2*k + 3/2*k**2 + 0 - 1/2*k**3 + 1/12*k**4. Let r(a) = a. Let b be r(2). Determine c(b).
1
Let r(f) = -2 - 2 + f + 2 + 3. Let u be 2*1/6*3. Calculate r(u).
2
Suppose p = -0*p - t - 10, 4*t + 4 = 2*p. Let m(v) = -4*v. Let o(s) = s. Let c(g) = -m(g) - 3*o(g). Calculate c(p).
-6
Suppose -3*h = 5*h - 16. Let l(y) be the second derivative of 1/6*y**4 - 2*y + 3/2*y**h + 0 + 2/3*y**3. Determine l(-3).
9
Let b(s) be the first derivative of 1/4*s**4 + 5*s + 5/3*s**3 + s**2 - 4. Give b(-5).
-5
Let k(c) be the second derivative of 0*c**3 - c + 1/2*c**2 + 0 + 1/24*c**4. Let g(z) be the first derivative of k(z). Calculate g(5).
5
Let z(n) = n + 1. Suppose 12*o = 8*o - 24. Calculate z(o).
-5
Let a(f) be the first derivative of 10 + 1/2*f**2 + 1/3*f**3 + 0*f. Determine a(1).
2
Let a(o) = o - 9. Let p be 1/1*3/1. Let z be -6 + 1 + p - 8. Let s be (-16)/(-2)*(-5)/z. What is a(s)?
-5
Let v(q) = -q**2 + 1. Let y(j) = -j**2. Let t(s) = v(s) + y(s). Determine t(-1).
-1
Let o(b) = -b**3 - 4*b**2 + 3*b - 2. Let j be 4/(-10) + 12/5. Suppose 3 = j*n + 1. Let y be n/(11/(-5) + 2). Calculate o(y).
8
Let g(i) = -i**3 - i**2 + 2. Suppose d - 2*d = 2. What is g(d)?
6
Let u(r) = 5*r**3 + 3*r - 4. Let o(m) = -4*m**3 + m**2 - 2*m + 3. Let d(v) = -4*o(v) - 3*u(v). Let b = 6 + -2. Determine d(b).
-4
Let d(z) = -z**3 + 2*z**2 + 2*z - 8. Let r(l) = l**3 - 2*l**2 - 2*l + 7. Let u(h) = -6*d(h) - 7*r(h). Determine u(2).
3
Let z(u) = 3*u - 1. Let r(w) = -3*w + 1. Let o(x) = 5*r(x) + 6*z(x). Let n(c) = -c - 3. Let a be n(-9). Let v be (-4)/10 + a/(-10). Give o(v).
-4
Let m(s) be the third derivative of -s**5/60 - 11*s**4/24 - 2*s**3 + 2*s**2 - 39. Determine m(-9).
6
Let b(t) be the first derivative of -2*t**2 + 5*t - 7. Let o(r) = 3*r - 4. Let n(m) = 4*b(m) + 6*o(m). Determine n(6).
8
Let l = -13 + 18. Let b(v) = -3 - v + 3 + 0 + 1. Give b(l).
-4
Let i(n) = -n - 1. Let f(h) = 8*h. Let a(u) = -f(u) - 2*i(u). Determine a(-3).
20
Let m(p) = p**2 + 5*p - 1. Suppose 4*h + s - 7 = 0, 1 = -5*h - 5*s + 6. Suppose 10 = -h*w - 0. Give m(w).
-1
Let r(l) = 6*l**3 - 2*l**2 - 2*l - 1. Let v = 11 + -8. Let t(p) = -p**3 + 2*p**2 + 3*p - 1. Let i be t(v). Calculate r(i).
-7
Let v be (-12)/(-2)*32/24. Let z = v + -4. Let y(m) = m - 4*m - z*m. What is y(1)?
-7
Let s be 0 - 1 - (-2 - 3). Let w(h) = -6*h + 6. What is w(s)?
-18
Let h(n) = -n**2 - 3*n + 4. Suppose -3*l - 3*z + 0*z = 9, l + 3*z = 3. Determine h(l).
-14
Suppose q = -4*y - 9, -3*y + 0*y = -5*q + 24. Let k(b) be the third derivative of -b**6/120 + b**5/20 + b**4/12 - b**3/3 - b**2. Calculate k(q).
4
Let h(x) = -18*x**2 + 6*x + 3. Let d(s) = 17*s**2 - 5*s - 2. Let r(t) = 4*d(t) + 3*h(t). Give r(1).
13
Let f(u) be the second derivative of -u**8/6720 + u**7/630 - u**6/360 + u**5/20 - 5*u**4/12 - 7*u. Let l(o) be the third derivative of f(o). Calculate l(4).
-2
Let m(c) = -2*c + 8 + 0 + c. Let d be ((-8)/(-3))/(4/(-6)). Let z(j) = -j - 4. Let v be z(d). Calculate m(v).
8
Let v = 11 + -7. Let o(h) = h - 10 + h**3 + 4*h - v*h + 0*h**3. Calculate o(0).
-10
Let r(k) = -k**2 - 1. Let z = -173 - -171. Calculate r(z).
-5
Let c(u) be the third derivative of u**4/12 - 3*u**3/2 + 2*u**2. Give c(6).
3
Let x = 14 - 11. Let o(z) = -z + x - 3*z + 5*z. Calculate o(-4).
-1
Let f(x) = -2*x**3 - 2*x**2 + 2*x + 3. Suppose 4*p - 7*d = -4*d - 2, -3*p - 14 = 4*d. Determine f(p).
7
Let o(w) = w - 6. Let b be (49/(-21))/(1/(-3)). Determine o(b).
1
Let g(n) be the first derivative of n**3/3 + 5*n**2 + 12*n - 4. What is g(-9)?
3
Let c(g) be the second derivative of -5*g**3/6 + g**2/2 - g. Let v(j) = 3*j - 43. Let n be v(14). Determine c(n).
6
Let n be 4 + (-4)/(-2)*-1. Let r(v) = -n*v - 1 + 2*v + v. Give r(-4).
-5
Let a(p) = -2 + 0 + 21*p - 14*p. Determine a(2).
12
Suppose 25 = -5*x, -5*t - 8 - 12 = 5*x. Let p be -4*(0 - (-2 + t)). Let h(b) be the third derivative of b**5/60 + b**4/8 + b**3 + b**2. Calculate h(p).
10
Let b(o) = -3. Let f(m) = -1. Let w(p) = -b(p) + 2*f(p). Let n(q) = -2*q**2 - 2*q + 8. Let r(j) = -n(j) + 6*w(j). Give r(-2).
2
Suppose -d + 25 = 5*u, 3*u = 4*d - 8 - 0. Let m = d + -8. Let q(w) = w**2 + 2*w - 3. Determine q(m).
0
Let u(z) be the third derivative of -z**4/24 - 20*z**2. Determine u(-5).
5
Let j(x) = x. Let a(q) = 5*q. Let g(h) = -a(h) + 6*j(h). What is g(-2)?
-2
Let t(s) be the second derivative of -s**4/12 + 4*s**3/3 - s**2 - 12*s. Suppose -4*a = -q + 3*q - 20, 0 = -5*q - 3*a + 36. Determine t(q).
10
Suppose -t + 2*t + 2*m = -5, 15 = -3*m. Suppose t*x - 4*j - 11 = 0, 8*j = -2*x + 3*j + 11. Let s(p) = -6*p + 3 - p**2 - p - x. Give s(-6).
6
Let d(j) = j**3 + 14*j + 4*j**2 + 3*j**2 + 5*j + 6 - 11*j. What is d(-6)?
-6
Let j(a) = -7*a**2 - 3*a. Let c(g) = 63*g**2 + 28*g. Let v(t) = 3*c(t) + 28*j(t). Let i = -48 - -47. Give v(i).
-7
Let x be (-1 + (-4 - 0))/1. Let u(v) = -3*v**2 - 2*v**2 - 7 - 4*v - v**3 + v. Calculate u(x).
8
Let i(u) = u**2 - u. Let w be 8 + 2/(-2) + -2. Suppose 5*p = -2*m + 51, 3*p + w*m - 5 = 18. Suppose -3*d + 2*z + 7 = 0, 0*d + 3*z = 5*d - p. What is i(d)?
0
Suppose 12 = j - 4*v, -j + 1 = -2*v - 7. Suppose 5*u - j*u = 6. Let l(p) = p**2 - 4*p - 6. What is l(u)?
6
Let r = 49 - 61. Let v(i) = 2*i + 13. Give v(r).
-11
Let y(x) = -4*x**2 + 6*x - 6. Let o(v) = -v**2. Let q(h) = -5*o(h) + y(h). Calculate q(-7).
1
Suppose 0 = -2*n - p - 9, 0 = 4*n - 4*p + 3*p + 27. Let u be (-4)/n + (-35)/(-15). Let z(r) = -2*r + 1. What is z(u)?
-5
Let w(u) = 2*u - 1. Let s = 5 + -3. Suppose 0 = -s*h - 0*h. Let f be 4 + (h + 1)*-3. Calculate w(f).
1
Let t(h) = h**3 + h**2 - 2*h. Let a be t(-2). Suppose -4*d + 7*d + 9 = a. Let q(j) = -j**3 - 3*j**2 - 2*j - 2. What is q(d)?
4
Let w(d) be the first derivative of d**4 + 2*d**3/3 - d**2/2 - 1. Let q be ((12/(-4))/(-1))/3. What is w(q)?
5
Let x be ((-52)/6)/((-2)/3). Let z = x - 9. Let o(h) = -h + 7. What is o(z)?
3
Let i(u) = 2*u**3 + 3*u**2 + 2*u - 1. Let x(m) = m**3 + m**2 + 2*m. Let f(b) = -2*i(b) + 3*x(b). Suppose -z + 2 = -0, 2*z = 2*d + 10